Suppose 4*o + 29 = -3*l - 0*l, -11 = 4*o - 3*l. Let b(x) = 2*x - 6. Let g(s) = o*b(s) + 4*n(s). Calculate g(-6).
-6
Let j(t) = -2 + 0*t**2 + 6 - t**2. Let u(x) = x**2 - 3. Let k(r) = -3*j(r) - 4*u(r). Let p = 37 + -35. Calculate k(p).
-4
Let s be (-1)/3 + 230/69. Suppose 0 = -2*i + s*v + 21, 0 = -5*i - 2*v - 0*v + 24. Let r(t) = -t + 14. Give r(i).
8
Let h(o) = o**3 + 5*o**2 + 12*o + 9. Let m be h(-2). Let u(n) = -2*n**2 - 3*n - 4. Calculate u(m).
-13
Let x(r) be the third derivative of -1/24*r**4 + 0 + 1/15*r**5 + 12*r**2 - 1/3*r**3 + 1/120*r**6 + 0*r. Suppose 0 = -0*u - 5*u - 20. What is x(u)?
2
Let n(d) = -2*d**3 - 24*d**2 + 3*d + 28. Let y be n(-12). Let h(j) = j**2 + 10*j + 1. What is h(y)?
-15
Let l(c) be the third derivative of c**5/60 - 2*c**4/3 + 19*c**3/3 - c**2 + 302*c. What is l(14)?
10
Suppose -99 = 3*o + 6*o. Let t(j) = 4*j + 47. What is t(o)?
3
Suppose c + 5 = -3*w + 14, 0 = 5*c - 3*w + 9. Suppose -4*n + 7*n = c. Suppose n = i + 3*i. Let b(o) = -o**3 + o**2 + o - 6. Determine b(i).
-6
Let l be (-14)/21*(-78)/4. Let w(z) = 4*z + 1 + l*z - 4*z. Calculate w(-1).
-12
Let t(b) = 9*b**2 + 11*b - 13. Let g(n) = -3*n**2 + n. Let i(d) = 4*g(d) + t(d). Determine i(4).
-1
Suppose 8 = 4*t - 32. Let d be (-1 + 2)*(1 + 19 + 5). Suppose 3*x = -2*a - d, -x = -5*x + 2*a - t. Let h(i) = i + 6. Calculate h(x).
1
Let m(j) be the first derivative of -j**3/3 + 4*j**2 - 5*j + 11. Let z(w) = w**2 + 5*w + 5. Let q be (-33)/7 - (-8)/(-28). Let k be z(q). What is m(k)?
10
Suppose 4*n - 69 = 5*n. Let m = 69 + n. Let d(h) = -h**2 + h - 14. Give d(m).
-14
Let n be 1 + 2 - (0 + 1). Let u be (-6)/(90/(-205))*21. Let b(q) = -2*q + 0 - 1 - u*q**2 + 292*q**2. Determine b(n).
15
Let r(z) = -z**3 + z**2 + 4*z - 1. Suppose 17*a + 34 = -17. Determine r(a).
23
Let f(a) = -a + 1. Let i(s) = -23*s**2 - 9*s + 14. Let u be i(2). Let m = 100 + u. Calculate f(m).
-3
Let h(s) = -21*s + 3 + 0*s + 19*s. Let u be 1/(3/(-21)*1). Let l = 4 + u. Calculate h(l).
9
Let r(m) = 18*m**3 - m**2 + m + 1. Let b = 889 - 890. What is r(b)?
-19
Let f(s) = -s + 10. Let d(h) = 2*h - 19. Suppose 0 = -c - 3*z + 10, 5*c = 2*c - 5*z + 10. Let b(r) = c*f(r) - 3*d(r). What is b(-5)?
12
Suppose -35*c = -38*c + 3. Let n be (-1)/1 - (-6)/2. Let f(x) = 0*x**n + 1 - 12*x**2 + 0 - x**2. What is f(c)?
-12
Let l(z) = 2 - 12 + 2 + 9 + z. Let x be l(-7). Let j(y) = y**2 + 5*y + 7. Calculate j(x).
13
Let p(b) = 2208*b**3 - 5*b**2 + 5*b**2 - 2207*b**3 - 2*b. Calculate p(2).
4
Let m(k) be the second derivative of k**5/120 + 11*k**4/24 - 4*k**3/3 - 33*k. Let w(i) be the second derivative of m(i). Calculate w(-6).
5
Suppose 28 - 108 = -4*x. Let s = -14 + x. Let v be (s/(3 - 1))/1. Let l(m) = m**3 - 2*m**2 - 3*m - 1. Calculate l(v).
-1
Suppose -23*c + 7*c = 208. Let s(j) = j**3 + 14*j**2 + 13*j + 5. Give s(c).
5
Let t(n) = 5*n + 2. Let i(y) = -y**2 + y + 1. Let r(g) = -8*g + 1. Let u(z) = i(z) + r(z). Let x be u(-7). Determine t(x).
12
Let t(p) be the third derivative of p**5/60 - 17*p**4/24 + 23*p**3/6 + 81*p**2. Determine t(16).
7
Suppose -14*u + 20*u = 0. Let s(v) = 25*v**3 - 6*v**2 + 5*v**2 - 26*v**3 + v. Determine s(u).
0
Let j(h) = h + 10. Let v be ((-36)/90)/((-4)/(-5))*12. What is j(v)?
4
Let v(x) = -6*x**2 - 11*x - 6. Let h(z) = 7*z**2 + 11*z + 5. Let t(b) = -5*h(b) - 6*v(b). Suppose 0 = 13*s + 89 + 41. Calculate t(s).
1
Let d(z) = 4 - 3*z + 4*z - 8 - 4*z. Suppose 0 = -19*b + 18*b - 4. Determine d(b).
8
Let m(s) = -3*s + 0*s + 26*s**2 - 12*s**2 - 3 - 13*s**2. Suppose 4*k + 28 = -5*i - 5, 3*k + 11 = -i. Calculate m(k).
7
Suppose 11*c - 3*c = 248. Let i(a) = 3*a**2 + a**3 + c*a - a**2 + 3*a**2 - 26*a - 2. Suppose 4*t + w = -13, -w + 16 = -t + 3*w. Determine i(t).
-6
Let n(j) = -j + 12. Let b be n(5). Suppose 10 = 5*o - 20. Let g(m) = 0 + m**2 - 15*m - 3 + m + o*m. Give g(b).
-10
Let j(i) = i - 9. Let w be j(9). Let n(u) = 11*u**2 + 2*u + 2. Let p(h) = -16*h**2 - 3*h - 1. Let m(b) = -3*n(b) - 2*p(b). Determine m(w).
-4
Let j(a) = a**2 - 4. Let v(y) = y - 3. Suppose 5*z + d + 28 = 2*d, 0 = -z - d - 8. Let r be v(z). Let c = 12 + r. What is j(c)?
5
Let o = -17 - -24. Let i(v) = -9*v - 42. Let r(h) = -148*h + 20 + 305*h - 153*h. Let c(k) = -6*i(k) - 13*r(k). Calculate c(o).
6
Let x = 8 - 6. Let c be (2/(-8))/((-2)/24). Let w(z) = 5*z**2 - 2 + 0*z + 3*z**c - x*z - 4*z**3. What is w(4)?
6
Let v(z) be the first derivative of 2*z**2 - 4*z - 70. Determine v(-3).
-16
Let h(m) = 201*m - 25. Let p(l) = -58*l + 8. Let y(s) = -2*h(s) - 7*p(s). Let a(d) = d**3 - 6*d**2 + 2*d - 8. Let k be a(6). Calculate y(k).
10
Let b(x) = -x - 1. Let a(h) = -5*h**2 - 17*h - 15. Let t(j) = -a(j) + 2*b(j). Let d(f) = -f**2 - f. Let g(o) = 4*d(o) + t(o). What is g(-10)?
3
Let o(d) be the second derivative of d**5/20 + d**4/6 - 5*d**3/6 - 3*d**2/2 - 5*d. Suppose -n + 2*n = -5*t - 28, 3*n + 30 = 3*t. Let s = n - -10. What is o(s)?
3
Let m(j) be the third derivative of j**5/60 + j**3/2 + 99*j**2 - 2. What is m(0)?
3
Suppose 5*s - 14 - 6 = -3*q, s = -3*q + 4. Suppose -13*d + 17*d - 4 = q. Let a(f) = -19*f - 2. Let b(n) = 10*n + 1. Let t(h) = -2*a(h) - 5*b(h). Give t(d).
-13
Suppose -2*m = 2*z + 5 - 3, 3*m = 2*z + 12. Suppose -5*f - 2 = m*g + 2, -3*f = -g + 9. Let d(h) = -h**2 - h - 1. Determine d(f).
-3
Let c(y) = -4*y**2 - 2*y - 8. Let q(s) = -s**3 + s - 1. Let m(x) = -c(x) - q(x). Let o be m(-4). Let z(r) = -r - 1. Give z(o).
-6
Suppose -b = -3*j + 22, -2*b + b - 36 = -5*j. Let r(l) = 2*l**2 + 10*l + 1. Let x(c) = 3 + 15*c + 3*c**2 + 0 - 2. Let y(i) = j*r(i) - 5*x(i). Determine y(-4).
6
Let g(l) = -l**2 - l. Let f(r) = 4*r**2 - 2*r + 1. Let p(b) = f(b) + g(b). Let y(d) = -4*d**2 + 2*d. Let v(c) = 3*p(c) + 2*y(c). What is v(6)?
9
Suppose 0 = 3*s + w - 12, 0 = -5*s - 2*w - 2*w + 27. Let a(f) = 248*f + f**2 - 121*f + s - 123*f. Let y = -5 + 3. Calculate a(y).
-1
Let n(r) be the second derivative of -r**3/6 + r**2/2 - 30*r. Let q(y) = -4*y. Let c(v) = -5*n(v) + q(v). Give c(5).
0
Let m(l) = -4*l + 4. Suppose 3*o = -3*p, 5 = 3*o + 2*p + 7. Let b(q) = 2*q - 2. Let f(w) = o*m(w) - 5*b(w). Let j be ((-3)/2)/((-2)/4). Calculate f(j).
-4
Let k = -456 + 454. Let i(x) = -2*x**2 + x + 1. Determine i(k).
-9
Let o(m) be the first derivative of 5*m**2 - m - 45. Let i(u) = -2 - u**2 + 0*u - 1 - 5*u. Let h be i(-4). Give o(h).
9
Let n(j) be the third derivative of j**7/2520 - j**6/80 + j**5/12 + j**4/6 - 3*j**2. Let z(v) be the second derivative of n(v). Give z(8).
2
Let a(n) = -10*n + 1. Suppose -16 = -11*d - 5. Determine a(d).
-9
Let u(x) be the first derivative of x**4/4 + 2*x**3/3 + x**2 + x + 12. Suppose 4*c - 3*f - 34 = 0, 2*c + 2*f = -0*c + 10. Let y = 5 - c. What is u(y)?
-3
Let h be (-4 - (-66)/(-4))*-2. Suppose 0 = 3*t + 2*u - h, 3*t + 2*t - 47 = 2*u. Let g = -5 + t. Let w(m) = -m**3 + 6*m**2 + m - 8. Give w(g).
-2
Let a(n) = 17*n - 14. Let g(z) = -5*z + 4. Let b(f) = 2*a(f) + 7*g(f). Let p(q) = -q**3 - 3*q**2 + 4*q - 5. Let u be ((-3)/2)/(6/16). Let v be p(u). Give b(v).
5
Let y = 1 - 16. Let b be 2/6 - (-110)/y. Let o(u) = 5*u**3 + 3*u**2 + 7*u - 17. Let d(x) = 3*x**3 + x**2 + 3*x - 9. Let m(p) = b*d(p) + 4*o(p). What is m(6)?
1
Suppose 13 = -3*s + 31. Let m(w) = -w. Give m(s).
-6
Let w(k) = -k**3 - 6*k**2 - 2*k - 6. Suppose 5*s - 7*f + 9*f = -26, -22 = 3*s - 2*f. Calculate w(s).
6
Let g be (-8)/(-3)*(-12)/(-4). Suppose 0 = 2*p - p + g. Let u = p + 5. Let i(o) = -o - 2. Determine i(u).
1
Let f be (16 - 0) + -3 + 3. Let o = f - 19. Let c(i) = 4*i**2 + 7*i + 1. Let j(g) = -3*g**2 - 6*g - 1. Let b(n) = -2*c(n) - 3*j(n). Determine b(o).
-2
Let y(r) = -r**2 - 2*r - 1. Let d(k) = -3*k**3. Let b be d(-1). Suppose b = 6*l - 5*l. What is y(l)?
-16
Let r(n) = -n**2 - 2*n + 1. Suppose -4*h + 2 - 7 = z, 5*z + 25 = 2*h. Suppose 3*d + 3*b - 9 = 0, d + 3*b - 3 - 10 = h. Give r(d).
1
Let b(t) be the third derivative of -t**5/20 - t**4/24 + 107*t**2. What is b(1)?
-4
Let q(d) = 8*d - 14. Let s be q(2). Let h be (150/(-90))/(s/6). Let r(b) = b**3 + 6*b**2 + 7*b + 3. Determine r(h).
-7
Let k be (-3)/3*4/2. Let r(g) = -5*g**2 - 2*g - 1 + 19*g**3 + 24*g**3 - 44*g**3. Let x(w) = w**2 - w - 1. Let b(t) = k*x(t) - r(t). Calculate b(-3).
-9
Suppose 1 = 2*i - 11. Let k be (24/(-36))/(4/i). Let n(t) = 3*t**3 - t**2. Give n(k).
-4
Let x(m) be the third derivative of -m**